alculate the greatest common factor of 70 and 875.
35
Calculate the greatest common divisor of 2353 and 1267.
181
What is the greatest common factor of 276 and 345?
69
Calculate the highest common divisor of 96 and 120.
24
What is the highest common factor of 8 and 20456?
8
What is the highest common divisor of 74 and 13394?
74
What is the highest common factor of 62 and 31?
31
What is the highest common factor of 12631 and 17?
17
Calculate the greatest common divisor of 52 and 24.
4
What is the greatest common divisor of 656 and 1886?
82
What is the highest common divisor of 25 and 65?
5
Calculate the greatest common factor of 123 and 943.
41
Calculate the greatest common factor of 221 and 208.
13
Calculate the greatest common factor of 30 and 400.
10
Calculate the highest common divisor of 510 and 120.
30
What is the greatest common factor of 63 and 63?
63
What is the highest common divisor of 540 and 780?
60
What is the highest common divisor of 19337 and 183?
61
Calculate the greatest common factor of 496 and 93.
31
Calculate the highest common divisor of 133 and 76.
19
What is the greatest common divisor of 2145 and 4125?
165
What is the highest common divisor of 305 and 25?
5
What is the highest common divisor of 187 and 11?
11
Calculate the greatest common factor of 2 and 2317.
1
Calculate the greatest common divisor of 9776 and 94.
94
Calculate the highest common factor of 6 and 51.
3
Calculate the greatest common divisor of 234 and 104.
26
Calculate the highest common divisor of 9744 and 63.
21
Calculate the greatest common divisor of 1305 and 360.
45
What is the highest common factor of 112 and 616?
56
What is the highest common factor of 91 and 14?
7
What is the highest common divisor of 6 and 54?
6
What is the highest common divisor of 1159 and 76?
19
What is the highest common factor of 320 and 1184?
32
What is the greatest common divisor of 48 and 66?
6
What is the highest common factor of 2770 and 70?
10
Calculate the highest common factor of 121 and 3751.
121
Calculate the greatest common divisor of 1270 and 20.
10
What is the greatest common factor of 872 and 1090?
218
Calculate the highest common factor of 12 and 38.
2
What is the greatest common divisor of 4941 and 61?
61
Calculate the highest common divisor of 12942 and 18.
18
Calculate the greatest common divisor of 726 and 6.
6
Calculate the greatest common factor of 2420 and 5.
5
What is the highest common factor of 2564 and 4?
4
What is the greatest common divisor of 14192 and 32?
16
What is the highest common factor of 138 and 186?
6
Calculate the greatest common divisor of 133 and 224.
7
What is the highest common factor of 40 and 170?
10
What is the greatest common divisor of 5459 and 106?
53
Calculate the greatest common divisor of 1180 and 60.
20
What is the highest common divisor of 1501 and 38?
19
What is the greatest common divisor of 1179 and 131?
131
Calculate the highest common divisor of 6 and 111.
3
Calculate the highest common factor of 2592 and 352.
32
What is the greatest common divisor of 192 and 18?
6
What is the highest common divisor of 5213 and 13?
13
What is the highest common divisor of 96991 and 23?
23
Calculate the greatest common divisor of 3690 and 300.
30
What is the greatest common factor of 9106 and 58?
58
Calculate the greatest common divisor of 4199 and 2717.
247
Calculate the greatest common factor of 1719 and 9.
9
What is the greatest common divisor of 243 and 378?
27
What is the highest common divisor of 32 and 17504?
32
Calculate the greatest common divisor of 234 and 1950.
78
Calculate the highest common factor of 284 and 11573.
71
Calculate the highest common divisor of 4 and 29.
1
Calculate the greatest common factor of 3 and 32.
1
Calculate the highest common factor of 140 and 1610.
70
What is the greatest common factor of 98 and 84?
14
What is the highest common divisor of 306 and 72?
18
Calculate the highest common factor of 4 and 2046.
2
Calculate the highest common divisor of 1725 and 150.
75
What is the highest common divisor of 50 and 40?
10
Calculate the greatest common factor of 184 and 69.
23
What is the highest common divisor of 23 and 46?
23
Calculate the highest common factor of 2895 and 193.
193
What is the greatest common divisor of 435 and 29?
29
What is the highest common factor of 3553 and 4199?
323
Calculate the greatest common divisor of 14 and 2.
2
What is the greatest common factor of 2208 and 3496?
184
What is the greatest common divisor of 126 and 225?
9
What is the greatest common factor of 1695 and 20?
5
What is the greatest common factor of 32 and 4384?
32
Calculate the highest common factor of 48 and 216.
24
Calculate the highest common factor of 90 and 12520.
10
What is the highest common factor of 280 and 7350?
70
Calculate the greatest common divisor of 1833 and 141.
141
Calculate the greatest common factor of 814 and 88.
22
Calculate the greatest common factor of 462 and 594.
66
Calculate the highest common factor of 17 and 1088.
17
Calculate the highest common divisor of 48876 and 12.
12
Calculate the greatest common divisor of 256 and 8.
8
Calculate the greatest common factor of 4050 and 150.
150
What is the greatest common factor of 195 and 26?
13
What is the highest common factor of 12869 and 17?
17
What is the highest common factor of 888 and 24?
24
What is the highest common divisor of 48 and 56?
8
Calculate the highest common divisor of 841 and 29.
29
Calculate the greatest common factor of 135 and 2835.
135
What is the greatest common divisor of 102 and 782?
34
What is the greatest common factor of 10131 and 33?
33
What is the greatest common divisor of 6293 and 7?
7
Calculate the greatest common factor of 875 and 250.
125
What is the greatest common factor of 1904 and 14?
14
Calculate the highest common factor of 4220 and 633.
211
What is the greatest common divisor of 2752 and 774?
86
What is the greatest common divisor of 2 and 397?
1
What is the highest common factor of 71910 and 90?
90
Calculate the greatest common factor of 9 and 63.
9
Calculate the greatest common factor of 236 and 9322.
118
Calculate the greatest common divisor of 496 and 32.
16
What is the greatest common divisor of 536 and 5025?
67
Calculate the highest common divisor of 1147 and 31.
31
Calculate the greatest common factor of 2303 and 94.
47
Calculate the highest common factor of 91 and 35.
7
What is the greatest common factor of 18 and 369?
9
What is the greatest common divisor of 6900 and 4800?
300
Calculate the greatest common factor of 50 and 2.
2
What is the highest common divisor of 29539 and 542?
271
Calculate the highest common divisor of 8 and 44.
4
What is the greatest common factor of 207 and 594?
9
What is the greatest common divisor of 26 and 10?
2
What is the highest common factor of 472 and 19116?
236
Calculate the highest common divisor of 26768 and 16.
16
What is the greatest common factor of 682 and 22?
22
What is the greatest common factor of 162 and 1926?
18
What is the highest common divisor of 399 and 924?
21
What is the greatest common divisor of 5057 and 91?
13
What is the greatest common divisor of 2001 and 3?
3
What is the highest common factor of 52 and 5694?
26
Calculate the greatest common factor of 31 and 3937.
31
Calculate the greatest common divisor of 14 and 378.
14
What is the greatest common divisor of 8 and 52?
4
What is the greatest common divisor of 3129 and 19221?
447
Calculate the greatest common divisor of 51 and 3.
3
Calculate the highest common divisor of 66 and 432.
6
Calculate the greatest common factor of 36 and 17982.
18
Calculate the highest common factor of 58 and 29.
29
What is the greatest common factor of 5733 and 117?
117
Calculate the highest common divisor of 1730 and 10.
10
Calculate the greatest common factor of 296 and 8.
8
What is the greatest common divisor of 978 and 6?
6
Calculate the highest common factor of 355 and 165.
5
What is the greatest common divisor of 184 and 96?
8
Calculate the greatest common factor of 27 and 1.
1
Calculate the greatest common divisor of 61832 and 131.
131
Calculate the greatest common factor of 273 and 312.
39
What is the highest common divisor of 3431 and 94?
47
What is the greatest common divisor of 8 and 556?
4
What 